 = 24*x - 1197. What is m(22)?
-669
Let l(i) = -1825*i + 34659. What is l(19)?
-16
Let x(o) = -o**3 - 26*o**2 - 65*o + 995. Determine x(-25).
1995
Let c(d) = d**3 + 85*d**2 + 1208*d + 106. What is c(-67)?
-28
Let d(a) = 51*a**3 + 36*a**2 + 91*a + 54. Calculate d(-1).
-52
Let x(m) = 5170*m**3 + 81*m - 78. What is x(1)?
5173
Let b(s) = 29152*s + 2332140. Calculate b(-80).
-20
Let i(f) = 1373*f + 815554. Determine i(-594).
-8
Let n(t) = -9*t**3 - 6*t**2 - 700*t + 4231. What is n(6)?
-2129
Let b(h) = -65*h**2 - 2120*h - 3986. Calculate b(-2).
-6
Let h(x) = -4*x**2 + 4016*x + 52237. Give h(-13).
-647
Let h(l) = -3133*l - 20735. Give h(-7).
1196
Let v(o) = -5*o**2 - 377*o - 3411. What is v(-64)?
237
Let l(c) = -78082*c - 2498616. Determine l(-32).
8
Let n(u) = -599*u**2 - 10196*u - 92. Determine n(-17).
129
Let p(a) = 56*a**2 + 21445*a - 1171. Calculate p(-383).
-22
Let y(r) = 5637*r - 264951. Determine y(47).
-12
Let s(i) = 71*i**2 + 4889*i - 693. Give s(-69).
-3
Let n(y) = 378*y - 45679. What is n(121)?
59
Let s(n) = 2*n**2 - 41102*n - 905204. Give s(-22).
8
Let m(f) = -f**3 - 261*f**2 - 759*f - 173. Calculate m(-258).
-4043
Let k(f) = -40951*f - 81898. Give k(-2).
4
Let f(w) = -1163*w - 62888. What is f(-54)?
-86
Let z(c) = -581*c + 47151. Determine z(78).
1833
Let k(m) = -12211*m - 268915. Determine k(-22).
-273
Let r(g) = -14*g**3 - 2410*g**2 - 378*g - 5840. Determine r(-172).
8
Let p(s) = 10206*s - 122481. What is p(12)?
-9
Let r(l) = 11*l**2 + 115*l - 788. Give r(-15).
-38
Let i(q) = q**3 - 271*q**2 + 1848*q + 26. Determine i(264).
26
Let x(p) = -4*p**2 - 320*p - 1787. What is x(-74)?
-11
Let r(l) = -4*l**2 - l - 264. What is r(0)?
-264
Let k(l) = 546*l - 4360. What is k(8)?
8
Let d(n) = -3*n**3 + 179*n**2 - 170*n + 3087. What is d(59)?
19
Let v(q) = q**3 - 157*q**2 - 55*q + 4836. What is v(157)?
-3799
Let b(s) = 71*s**2 + 77*s + 25. What is b(-4)?
853
Let t(r) = -2043*r - 170052. Determine t(-83).
-483
Let g(w) = 237*w**2 - 1115*w - 1930. Give g(6).
-88
Let p(n) = -6*n**3 + 746*n**2 - 992*n + 945. Determine p(123).
-39
Let u(m) = -188192*m + 5. Calculate u(0).
5
Let b(m) = 213*m**2 + 11343*m + 2863. Calculate b(-53).
1
Let l(r) = 14441*r - 216604. Give l(15).
11
Let r(g) = -39*g**2 - 3217*g - 67. Give r(-83).
-1727
Let b(z) = -15790*z + 789341. Give b(50).
-159
Let f(m) = m**3 + 264*m**2 + 535*m + 1889. Calculate f(-262).
-993
Let n(o) = 4*o**2 + 11*o - 1861. Calculate n(20).
-41
Let d(p) = 214*p + 13076. Determine d(-66).
-1048
Let o(s) = -38*s**2 - 1567*s + 73. Determine o(-42).
-1145
Let q(z) = z**3 + 162*z**2 + 2910*z + 1403. Calculate q(-20).
3
Let x(a) = a**3 + 5247*a**2 - 5219*a - 28. Calculate x(1).
1
Let n(m) = 277*m - 3657. Determine n(15).
498
Let n(h) = -1593*h**2 + 12886*h + 10. Determine n(8).
1146
Let u(i) = 1579737*i + 20536559. What is u(-13)?
-22
Let d(o) = -7*o**2 - 398*o + 3156. Determine d(8).
-476
Let s(m) = -m**3 + 148*m**2 - 435*m - 11. Give s(145).
-11
Let h(w) = -164902*w - 329808. Determine h(-2).
-4
Let m(y) = -y**3 - 111*y**2 - 87*y + 2250. What is m(-110)?
-280
Let y(b) = 103486*b + 7140535. Determine y(-69).
1
Let f(m) = 14198*m + 85304. What is f(-6)?
116
Let k(l) = l**3 + 37*l**2 + 267*l - 988. Determine k(-25).
-163
Let y(x) = -x**3 - 38*x**2 - 87*x + 1690. Calculate y(-34).
24
Let n(q) = -3130*q - 277989. What is n(-89)?
581
Let o(c) = -1106*c - 34192. What is o(-31)?
94
Let w(d) = -2*d**3 - 83*d - 163. Give w(-9).
2042
Let w(s) = 29*s**2 - 22155*s + 21373. What is w(763)?
9
Let x(l) = 51*l + 11288. What is x(-224)?
-136
Let f(z) = -6*z**2 + 77027*z + 925188. Determine f(-12).
0
Let f(q) = -21144*q - 42485. Calculate f(-2).
-197
Let x(k) = 447199*k - 2236130. Determine x(5).
-135
Let j(f) = -1544*f + 5448. What is j(3)?
816
Let q(h) = 75*h**2 + 271*h + 18. What is q(-5)?
538
Let a(i) = 3*i**3 - 2198*i**2 + 29456*i + 16537. Calculate a(719).
0
Let n(s) = 4*s**3 - 17*s**2 + 235*s + 549. Determine n(-2).
-21
Let w(p) = 854*p + 45824. Determine w(-58).
-3708
Let d(y) = -5*y**2 - 15417*y + 216804. Give d(14).
-14
Let u(o) = 11510*o - 2900526. Determine u(252).
-6
Let d(b) = -b**3 + 23*b**2 + 1696*b - 12651. Determine d(7).
5
Let o(t) = -14425*t - 84563. Give o(-6).
1987
Let d(i) = i**2 + 622*i + 3760. Give d(-6).
64
Let u(f) = -50*f**2 + 177*f + 1207. Give u(7).
-4
Let z(q) = -2*q**3 + 67*q**2 - 8*q - 2887. Calculate z(32).
-71
Let r(t) = 84146*t + 2187744. Determine r(-26).
-52
Let z(q) = -2*q**3 - 11*q**2 - 51*q - 153. What is z(-4)?
3
Let m(v) = -2*v**3 + 391*v**2 - 53*v + 48681. Calculate m(196).
-123
Let y(f) = -943338*f + 34903497. What is y(37)?
-9
Let z(h) = h**3 - 125*h**2 + 1508*h - 687. What is z(13)?
-11
Let b(w) = -33*w**2 + 656*w + 762. Give b(21).
-15
Let s(d) = 616*d - 3581. What is s(5)?
-501
Let j(r) = -19331*r - 173963. Determine j(-9).
16
Let y(s) = -35*s**3 - 41*s**2 - 125*s + 7. Give y(-3).
958
Let a(j) = -190*j**2 - 44850*j - 2353. What is a(-236)?
7
Let u(j) = 67*j**3 - 1611*j**2 + 56*j + 416. Determine u(24).
32
Let h(l) = -l**3 - 14*l**2 + 3565*l + 14406. What is h(-4)?
-14
Let u(p) = 48*p**2 + 33*p - 88. What is u(3)?
443
Let u(w) = w**3 - 23*w**2 - 69*w - 221. Give u(23).
-1808
Let z(l) = l**2 - 927*l + 57644. Give z(67).
24
Let h(r) = r**3 - 3114*r + 173. Give h(56).
1405
Let h(t) = 779*t + 19869. What is h(-23)?
1952
Let h(m) = m**2 - 5325*m + 84871. Give h(16).
-73
Let j(d) = -3*d**2 - 141*d - 364. What is j(-40)?
476
Let a(y) = 31025*y + 124046. Determine a(-4).
-54
Let h(f) = 20*f**3 - 172*f**2 - 122*f + 452. Give h(9).
2
Let w(b) = -9*b**2 + 262*b - 768. What is w(26)?
-40
Let n(j) = -4*j**3 + 173*j**2 - 666*j + 114. Give n(39).
-3
Let x(t) = -t**3 + t**2 + 10*t - 17. Give x(3).
-5
Let b(r) = 35292*r + 246993. Give b(-7).
-51
Let r(k) = 2*k**3 + 5*k**2 - 970*k - 2909. Calculate r(-3).
-8
Let h(k) = -3985*k**2 + 669478*k + 29. What is h(168)?
-307
Let b(r) = 99368*r + 4670305. Determine b(-47).
9
Let a(v) = -v**2 + 3287*v - 3284. What is a(1)?
2
Let m(t) = -t**3 - 7*t**2 + 26*t + 1535. Calculate m(10).
95
Let n(v) = -223321*v - 4689735. Determine n(-21).
6
Let x(w) = -9162*w + 485569. What is x(53)?
-17
Let z(l) = 7536*l + 150784. Calculate z(-20).
64
Let v(g) = -3*g**3 - 10*g**2 + 38*g + 30. What is v(-7)?
303
Let n(p) = -p**2 + 1798*p - 327973. Determine n(206).
-21
Let g(l) = 2*l**2 + 90*l + 538. Give g(-22).
-474
Let n(z) = 2684*z + 426757. Determine n(-159).
1
Let u(y) = 2*y**3 - 81*y**2 - 3808*y - 22537. What is u(70)?
3
Let p(d) = 102*d**2 + 573*d + 641. Calculate p(-4).
-19
Let i(u) = -317185*u + 3171858. Give i(10).
8
Let p(o) = 25*o + 1068. Determine p(-61).
-457
Let l(y) = 2*y**3 - 85*y**2 + 558*y - 65. Calculate l(8).
-17
Let b(g) = -106*g**2 + 3788*g - 2902. Give b(35).
-172
Let l(f) = 112529*f + 1012667. What is l(-9)?
-94
Let g(w) = 95*w**2 - 57667*w + 1227. What is g(607)?
13
Let w(y) = y**3 - 642*y**2 + 19520*y - 55. Calculate w(610).
-55
Let u(n) = -14323*n - 85868. Calculate u(-6).
70
Let v(k) = 3*k**3 + 23*k**2 + 73*k + 6. Determine v(-3).
-87
Let z(k) = 127*k**2 + 7455*k + 369. Calculate z(-58).
-4793
Let b(w) = 10*w**3 + 23*w**2 - 98*w - 33. Calculate b(4).
583
Let d(i) = -i**3 - 371*i**2 + 649*i + 240780. Determine d(-371).
1
Let v(t) = 431*t**3 - 175851*t**2 + 1225*t - 424. Give v(408).
-16
Let q(n) = -n**3 + 25*n**2 + 397*n - 4261. What is q(8)?
3
Let w(f) = -56*f**3 + 189*f**2 - 19*f - 5. Calculate w(3).
127
Let c(y) = -2324*y - 132507. What is c(-57)?
-39
Let d(z) = 5*z**2 - 2195*z + 53793. Calculate d(413).
103
Let j(u) = 85321*u + 597235. Determine j(-7).
-12
Let l(b) = -1327*b**2 - 33*b + 17. What is l(1)?
-1343
Let b(p) = p**3 - 149*p**2 - 7098*p + 1057606. What is b(149)?
4
Let t(l) = 214*l**2 - 1060*l + 17. Calculate t(5).
67
Let m(w) = 101*w**2 - 119*w - 218. Calculate m(-5).
2902
Let h(x) = -17791*x - 1761211. Give h(-99).
98
Let w(o) = 48*o**2 - 3482*o - 1564. Calculate w(73).
42
Let b(w) = 14*w**3 + 950*w**2 + 795*w - 565. What is b(-67)?
38
Let l(s) = -45*s**2 + 9017*s + 55724. Give l(-6).
2
Let q(y) = 1611*y - 106289. Determine q(66).
37
Let z(v) = -v**2 - 848*v - 1702. Calculate z(-2).
-10
Let a(m) = -521*m - 37833. Calculate a(-65).
-3968
Let r(c) = c**2 - 138*c + 1851. What is r(123)?
6
Let f(a) = a**3 + 689*a**2 - 7698*a - 63. Deter